 31?
26
Calculate the remainder when 1025 is divided by 165.
35
Calculate the remainder when 2585 is divided by 92.
9
Calculate the remainder when 359 is divided by 17.
2
What is the remainder when 2330 is divided by 1164?
2
What is the remainder when 382 is divided by 12?
10
What is the remainder when 3090 is divided by 311?
291
Calculate the remainder when 552 is divided by 181.
9
Calculate the remainder when 197 is divided by 63.
8
What is the remainder when 3675 is divided by 23?
18
What is the remainder when 1170 is divided by 291?
6
What is the remainder when 64 is divided by 58?
6
What is the remainder when 1619 is divided by 317?
34
Calculate the remainder when 410 is divided by 46.
42
What is the remainder when 264 is divided by 42?
12
Calculate the remainder when 3218 is divided by 37.
36
What is the remainder when 1375 is divided by 12?
7
Calculate the remainder when 73 is divided by 10.
3
What is the remainder when 52 is divided by 4?
0
Calculate the remainder when 2698 is divided by 12.
10
What is the remainder when 258 is divided by 53?
46
What is the remainder when 441 is divided by 17?
16
What is the remainder when 1219 is divided by 96?
67
What is the remainder when 92 is divided by 21?
8
What is the remainder when 21 is divided by 9?
3
Calculate the remainder when 54 is divided by 29.
25
What is the remainder when 4419 is divided by 33?
30
What is the remainder when 2714 is divided by 170?
164
Calculate the remainder when 86029 is divided by 70.
69
What is the remainder when 183 is divided by 13?
1
What is the remainder when 216 is divided by 52?
8
Calculate the remainder when 157 is divided by 31.
2
Calculate the remainder when 217 is divided by 204.
13
Calculate the remainder when 119 is divided by 32.
23
Calculate the remainder when 989 is divided by 15.
14
What is the remainder when 123 is divided by 105?
18
Calculate the remainder when 152 is divided by 61.
30
What is the remainder when 127 is divided by 35?
22
Calculate the remainder when 82 is divided by 44.
38
What is the remainder when 114 is divided by 45?
24
What is the remainder when 4315 is divided by 270?
265
What is the remainder when 179 is divided by 8?
3
Calculate the remainder when 871 is divided by 147.
136
What is the remainder when 105 is divided by 11?
6
Calculate the remainder when 1865 is divided by 71.
19
What is the remainder when 25475 is divided by 6?
5
What is the remainder when 156 is divided by 58?
40
Calculate the remainder when 109 is divided by 43.
23
What is the remainder when 1702 is divided by 566?
4
What is the remainder when 683 is divided by 582?
101
Calculate the remainder when 1113 is divided by 70.
63
What is the remainder when 2520 is divided by 503?
5
Calculate the remainder when 129 is divided by 27.
21
Calculate the remainder when 404 is divided by 27.
26
What is the remainder when 646 is divided by 65?
61
Calculate the remainder when 1285 is divided by 318.
13
Calculate the remainder when 29 is divided by 27.
2
What is the remainder when 82 is divided by 76?
6
What is the remainder when 131 is divided by 32?
3
Calculate the remainder when 597 is divided by 117.
12
Calculate the remainder when 517 is divided by 40.
37
Calculate the remainder when 4904 is divided by 12.
8
Calculate the remainder when 96 is divided by 36.
24
What is the remainder when 114 is divided by 58?
56
Calculate the remainder when 639 is divided by 6.
3
What is the remainder when 1127 is divided by 554?
19
What is the remainder when 3249 is divided by 155?
149
Calculate the remainder when 59278 is divided by 120.
118
Calculate the remainder when 998 is divided by 8.
6
What is the remainder when 232 is divided by 50?
32
Calculate the remainder when 196 is divided by 108.
88
Calculate the remainder when 2548 is divided by 1270.
8
What is the remainder when 132 is divided by 49?
34
What is the remainder when 439 is divided by 23?
2
Calculate the remainder when 2529 is divided by 70.
9
What is the remainder when 226 is divided by 85?
56
Calculate the remainder when 47 is divided by 38.
9
Calculate the remainder when 142 is divided by 46.
4
Calculate the remainder when 62 is divided by 22.
18
Calculate the remainder when 27 is divided by 12.
3
What is the remainder when 127 is divided by 48?
31
What is the remainder when 123 is divided by 18?
15
Calculate the remainder when 23 is divided by 2.
1
Calculate the remainder when 1923 is divided by 26.
25
Calculate the remainder when 330 is divided by 21.
15
Calculate the remainder when 1178 is divided by 576.
26
What is the remainder when 32 is divided by 3?
2
What is the remainder when 648 is divided by 164?
156
What is the remainder when 29409 is divided by 12?
9
Calculate the remainder when 11387 is divided by 170.
167
What is the remainder when 1681 is divided by 51?
49
What is the remainder when 138 is divided by 55?
28
What is the remainder when 285 is divided by 48?
45
Calculate the remainder when 338 is divided by 11.
8
What is the remainder when 284 is divided by 33?
20
What is the remainder when 55 is divided by 21?
13
Calculate the remainder when 655 is divided by 267.
121
Calculate the remainder when 434 is divided by 64.
50
What is the remainder when 89 is divided by 32?
25
What is the remainder when 128 is divided by 33?
29
Calculate the remainder when 2680 is divided by 9.
7
What is the remainder when 414 is divided by 16?
14
Calculate the remainder when 891 is divided by 102.
75
What is the remainder when 317 is divided by 41?
30
What is the remainder when 186 is divided by 91?
4
What is the remainder when 320 is divided by 19?
16
What is the remainder when 7903 is divided by 51?
49
What is the remainder when 243 is divided by 35?
33
Calculate the remainder when 433 is divided by 122.
67
Calculate the remainder when 935 is divided by 105.
95
What is the remainder when 1399 is divided by 40?
39
What is the remainder when 299 is divided by 41?
12
What is the remainder when 224 is divided by 45?
44
Calculate the remainder when 160 is divided by 15.
10
What is the remainder when 141 is divided by 13?
11
Calculate the remainder when 4898 is divided by 815.
8
Calculate the remainder when 143 is divided by 42.
17
Calculate the remainder when 625 is divided by 231.
163
What is the remainder when 226 is divided by 57?
55
Calculate the remainder when 275 is divided by 10.
5
What is the remainder when 338 is divided by 115?
108
Calculate the remainder when 964 is divided by 316.
16
What is the remainder when 457 is divided by 76?
1
Calculate the remainder when 46 is divided by 26.
20
What is the remainder when 349 is divided by 16?
13
Calculate the remainder when 1293 is divided by 7.
5
What is the remainder when 545 is divided by 7?
6
Calculate the remainder when 19094 is divided by 13.
10
What is the remainder when 45 is divided by 41?
4
What is the remainder when 4678 is divided by 104?
102
Calculate the remainder when 700 is divided by 340.
20
What is the remainder when 1998 is divided by 33?
18
Calculate the remainder when 2172 is divided by 53.
52
Calculate the remainder when 64 is divided by 14.
8
Calculate the remainder when 765 is divided by 55.
50
What is the remainder when 172 is divided by 6?
4
Calculate the remainder when 59 is divided by 7.
3
Calculate the remainder when 44 is divided by 8.
4
What is the remainder when 2444 is divided by 1208?
28
What is the remainder when 340 is divided by 325?
15
What is the remainder when 674 is divided by 137?
126
What is the remainder when 7292 is divided by 2428?
8
What is the remainder when 15409 is divided by 328?
321
Calculate the remainder when 549 is divided by 121.
65
What is the remainder when 2959 is divided by 228?
223
Calculate the remainder when 3893 is divided by 973.
1
Calculate the remainder when 253 is divided by 56.
29
What is the remainder when 367 is divided by 123?
121
What is the remainder when 131 is divided by 19?
17
What is the remainder when 3411 is divided by 307?
34
What is the remainder when 17 is divided by 4?
1
Calculate the remainder when 400 is divided by 17.
9
Calculate the remainder when 286 is divided by 72.
70
Calculate the remainder when 59 is divided by 25.
9
What is the remainder when 214 is divided by 57?
43
What is